**3/6 + 2*k**2 - 6*k. Let c(l) be the first derivative of x(l). Give c(-2).
-3
Suppose -2*f = -1 - 3. Let z(i) be the first derivative of -i**4/4 + i**3/3 - i**2 + i + 2. What is z(f)?
-7
Let a be (((-81)/12)/(-3))/(3/(-8)). Let l(z) = z**2 + 7*z. Calculate l(a).
-6
Let o(m) = -2*m - m**3 + 0 + 7 + 7 + 6*m**2 - 5. Let v = 11 + -5. What is o(v)?
-3
Let d be (-10)/(-45) + (-79)/(-9). Let v(c) = 8*c**2 + 1. Let g(j) = -17*j**2 - 2. Let m(q) = d*v(q) + 4*g(q). Determine m(-1).
5
Let q(p) = p**3 - 3*p**2 + 3*p - 2. Let a = 13 + -11. Suppose 3*x = 1 + 2, 5*t - 4 = -4*x. Let c = a - t. What is q(c)?
0
Let s(g) = -2*g - 2. Let f = 1 + -5. Give s(f).
6
Let j(y) = y**2 - y + 2. Let l(k) = k - 1. Let p be l(-4). Let n(o) = o**2 + 5*o + 3. Let m be n(p). What is j(m)?
8
Let g(f) = -17*f + 3. Let m(l) = -l - 1. Let r(n) = g(n) - 4*m(n). Let v(b) = -6*b + 3. Let o(q) = -3*r(q) + 7*v(q). Give o(1).
-3
Let f(z) = z**3 - 8*z**2 - 10*z + 11. Let x be f(9). Let s(r) be the second derivative of 0*r**2 - x*r + 0 + 1/3*r**3. What is s(1)?
2
Let y(j) = j**3 + 9*j**2 + j + 10. Let c = -86 - -77. Determine y(c).
1
Let c(l) = 6*l - 2 + 5 - 2 - l**2. Determine c(6).
1
Let n(r) = -r - 4. Let v = -5 - -8. Let s = -8 + v. Give n(s).
1
Let v(d) = d**2 - d + 7. Let t be ((-1)/(-3))/((-1)/(-12)). Suppose -o = -t*o. Determine v(o).
7
Let n(j) = -2*j**2 - j + 0*j**2 + 3*j**2. Let f(o) = -6*o**2 + 6*o. Let h(b) = f(b) + 5*n(b). Suppose 0 = a + 3*a. Determine h(a).
0
Suppose 0 = -3*z + 17 + 1. Let q be 52/z + (-4)/6. Let t(j) = 0 + q*j**2 - 4 - 7*j**2 - 3*j. Determine t(4).
0
Let l(w) = -w**3 + 7*w**2 - 6*w - 7. Let d be (-1)/(-2) - (-10)/(-4). Let c be 1/(d*(-2)/24). Give l(c).
-7
Let h(f) = f**2 - 3*f + 2. Let v be h(3). Let z = v + 2. Let u(q) = q - 4. Give u(z).
0
Let j(p) be the third derivative of -p**5/60 + 5*p**4/24 + p**3/6 - 5*p**2. What is j(6)?
-5
Suppose v = 4*v. Let t(x) be the third derivative of -x**9/60480 + 7*x**6/720 + x**5/30 + 11*x**2. Let m(r) be the third derivative of t(r). Give m(v).
7
Suppose 5 = a + 1. Let m(t) = -7*t + 1. Let r(o) = 11*o - 1. Let j(c) = 8*m(c) + 5*r(c). Let h be j(a). Let n(b) = 2*b**3 - b**2 - b - 1. What is n(h)?
-3
Let o(z) = 8 - 86*z**3 + 7*z - 11*z**2 + 2*z**2 + 87*z**3. Calculate o(8).
0
Let g(s) = 2*s - 6. Suppose 0 = 3*y - 2*y. Suppose -a + 2*v - 6 = y, -10 + 28 = -4*a + 5*v. Let c be (-1 - -1) + (-8)/a. Give g(c).
2
Suppose -5*w + 10 = 5. Let s(x) = -4*x**2 + 3 + 4 + 3*x**2 - w. Calculate s(0).
6
Let t(p) = 6 + p**2 + 9*p + 0*p**2 - p. Determine t(-6).
-6
Let v = -32 - -22. Let d = v + 6. Let t(h) = h**2 + 5*h + 3. Give t(d).
-1
Let n be 3*(-4)/(-6) - -4. Suppose f - 4 = -5*j - n, 0 = -j + f + 2. Let t(r) = -2*r - r**3 + 2*r**3 + j*r**3 + 3*r. Calculate t(1).
2
Let k(c) = 14*c**3 + 21*c**2 + 12*c - 7. Let v(q) = 5*q**3 + 7*q**2 + 4*q - 2. Let t(i) = 4*k(i) - 11*v(i). Determine t(-6).
6
Let z(b) = -b + 1. Suppose -4*n - 2 = -5*f - 41, -2*n + f = -15. Suppose 3*m = 2*m + n. Determine z(m).
-5
Suppose 4*q = q + 6. Let v(d) = 14*d - 3*d**2 - 5*d + 2*d**q - 8. Determine v(7).
6
Let u(n) be the second derivative of n**5/20 - n**4/2 + n**3/3 - 5*n**2/2 + 19*n. Give u(6).
7
Suppose 2*r - 2*s - s - 3 = 0, 3*r - 3*s = 3. Let o = r - 2. Let j(i) be the second derivative of i**3/2 + 2*i. Give j(o).
-6
Let i be -2 - 1*(-10 - -3). Let v(d) = -9*d + 14*d - 7*d. Calculate v(i).
-10
Let z = -1 - 6. Let l = z - -4. Let i(y) = -y**2 + y. Let c(x) = x**3 - 2*x**2 + 11*x + 4. Let d(b) = c(b) - 6*i(b). Give d(l).
-2
Let t(a) be the second derivative of a**5/20 - a**4/2 + a**3/2 + 7*a**2/2 + a. Let h = 1 + 4. Give t(h).
-3
Suppose -13 - 1 = 2*d. Let j(b) = -b - 15. Give j(d).
-8
Let d be 6/2 + -1*1. Let z(r) = r**2 + 8*r + 6. Let o be z(-6). Let h = o + d. Let s(j) = -j**3 - 3*j**2 + 5*j + 3. Give s(h).
-1
Let b(o) = o**3 + o - 7. Let t(a) = a**2 + 16*a + 28. Let l be t(-14). What is b(l)?
-7
Suppose -1 = -5*v - 11. Let o(c) = -5*c**3 + 6*c**2 + 11*c + 11. Let g(d) = 3*d**3 - 3*d**2 - 6*d - 6. Let x(q) = -7*g(q) - 4*o(q). Give x(v).
-2
Let m(w) = -w + 3 - 6 + 2*w + 1. Let s be (-1 - 2)/(6/20). Let x = s - -6. Determine m(x).
-6
Let k be -16*(-3 + (-15)/(-6))*-1. Let w(f) = -f**3 - 9*f**2 - 6*f + 3. What is w(k)?
-13
Let c(t) be the second derivative of t**8/6720 + t**7/630 + t**6/720 + t**5/120 - 5*t**4/12 - 5*t. Let x(v) be the third derivative of c(v). Calculate x(-4).
-3
Suppose 2*s + 6 = 4*s. Let a be 1*-3 - (-50)/10. Let m(u) = u**3 + 3 + 1 + a*u**2 + 0*u**3 - 2*u - 4*u**2. What is m(s)?
7
Let u be (27 + -25)/((4/(-10))/(-1)). Let y(b) be the third derivative of 0 - b**2 + 0*b - 1/15*b**u - 1/24*b**4 + 0*b**3. Determine y(-1).
-3
Let x(k) = -2*k - 3. Let r(v) = v**3 - 4*v**2 - 5*v + 3. Let z be r(5). Suppose m + 2*f = 13, -4*m + z*f = -1 + 4. Determine x(m).
-9
Let h(t) = t + 14. Let n be h(-12). Suppose -2*d - 4 = -n*w, 5*d - w + 7 + 7 = 0. Let a(o) = -1. Let k(r) = -r - 9. Let x(y) = -5*a(y) + k(y). What is x(d)?
-1
Let b(x) = x + 2. Let c = 1 + -3. Let k be (-17)/(-4) - c/(-8). Suppose -2*p = -k*p. Give b(p).
2
Let d be 10/(-20)*0/(-1). Let t(y) = -y**2 + 4*y + 8*y**2 + d*y**2 - 2*y**2 + 4 + y**3. What is t(-3)?
10
Let c(w) = 2*w + 6. Let a be c(0). Let y(n) = -3*n**3 - 2*n**2 + 2*n + 3. Let f(s) = s**3 - s**2 - s + 1. Let i(d) = -4*f(d) - y(d). What is i(a)?
5
Let w(k) = -k**3 + 3*k**2 - 3. Let g(u) = u**2 + 5*u - 5. Let o be g(-6). Let y be 1 + 2 + o - 1. What is w(y)?
-3
Let i(g) = 13*g**2 + 7*g - 7. Let a(c) be the first derivative of -c**3 - c**2 + 2*c - 1. Let b(n) = 9*a(n) + 2*i(n). Determine b(-6).
-8
Let w(q) = q**3 - q**2 - q - 1. Let b(i) = i - 4. Let n be b(2). Let g = -4 - n. Give w(g).
-11
Let m(b) = 0*b**2 + 2*b**3 + b**3 - 4*b**3 - 5 + 5*b**2. Give m(5).
-5
Let j = -4 + 7. Let m(g) be the first derivative of -g**2 - 1/3*g**j + 0*g - 1. Determine m(2).
-8
Let g(x) = x - 2. Suppose -6 = -m + k, -3*m = m + 4*k - 16. Determine g(m).
3
Let c(z) be the first derivative of -z**2/2 - z - 14. What is c(-2)?
1
Let c(l) = 3*l + 2. Let a be 3/(-6) - (-3)/2. Let r = a + -1. Suppose 0 = 3*h - w - 7, -h + r*h - 2 = 4*w. Give c(h).
8
Suppose -4*m - 2 = -2*m. Let k be 2*2/(-4)*-2. Let j(w) = 4*w**3 - 3*w**2 + 5*w**k - 2 + 2*w + 3. Give j(m).
-3
Let x(c) be the second derivative of -c**3/6 + 4*c. Calculate x(4).
-4
Let o(n) = n. Let l = -24 + 20. What is o(l)?
-4
Let j be (2 - 3) + 0 + -5. Let o(s) = s - 7. Let n(p) = -p + 3. Let r(i) = -7*n(i) - 4*o(i). What is r(j)?
-11
Let f(p) be the first derivative of -p**3/3 + p**2/2 + 12*p + 1. What is f(0)?
12
Let u(b) be the second derivative of -b**3/6 + 5*b**2/2 + 10*b. Determine u(8).
-3
Let f = 9 - 10. Let a = -3 + 3. Let x = f - a. Let l(g) = -6*g**2 - g. Give l(x).
-5
Suppose 4*h = -4*u + 20, -2*u + 3 = 3*h - 3*u. Let p(w) = -2*w**2 - w**2 + 0*w - h*w + 4*w**2. Determine p(2).
0
Let j(n) = n**3 + 6*n**2 + 2*n + 9. Let i be j(-6). Let o(p) = 0*p**3 - 2*p**2 - p**3 + 3*p + p**2. Calculate o(i).
9
Suppose -2*d + 6*d = -20. Let g(h) = -2*h + 20. Let s(v) = 3*v - 30. Let c(y) = d*s(y) - 8*g(y). What is c(6)?
-4
Let c(z) = -z**2 - z + 1. Suppose 2*i - 14 = -2*u + 6*i, 5*u = -2*i + 23. Let d(k) = -4*k**2 - 8*k + 1. Let s(o) = u*c(o) - d(o). Give s(5).
-6
Let x(v) = v**2 - 1. Let j(l) = -l**2 - 9*l - 1. Let d be j(-9). Calculate x(d).
0
Let w(f) = -f**3 - f - 4. Let y(l) = -3*l + 24. Let m be y(8). Calculate w(m).
-4
Let t be (-4)/((-2)/(-1)) - -7. Let q(h) = h**3 - 4*h**2 - 5*h + 3. Let k be q(t). Let j(w) = -2*w + 2. Give j(k).
-4
Let i(p) = -p**3 - 6*p**2 - 5*p - 4. Suppose 5*l + 4*j + 5 = 0, l - 4*j - j = -30. Calculate i(l).
-4
Suppose -x + 0*x = -4. Suppose 4*j + 0*v - 3*v = 4, -12 = j - 4*v. Let y(f) = 4 - 5 + f - j*f + 2*f. Give y(x).
-5
Suppose -m + 10 = m. Let f(g) be the third derivative of -g**5/60 + 5*g**4/24 - g**3/2 - 7*g**2. Give f(m).
-3
Suppose -5*w = -3 - 7. Let i(n) = w + 5 - 1 - 2*n + n. Determine i(-5).
11
Let y(k) = k**3 - 6*k**2 + k - 6. Let p be y(6). Let d(c) = c - 5. Give d(p).
-5
Let o = 6 - 0. Let w = o - 9. Let p(l) = l**2 + l. Determine p(w).
6
Let u(b) = -4*b + 50*b**2 - 2 - 51*b**2 + 12*b. Determine u(8).
-2
Suppose 4*l = h + 3*h - 20, 4*h + 5*l = -16. Let a be (-2)/(1 + 1)*h. Let v(b) = -6*b - 1. What is v(a)?
5
Suppose -1 - 8 = -3*p. Let b = 2 + p. Let y(j) be th